e greatest common divisor of 345 and 437.
23
Calculate the greatest common divisor of 3869 and 73.
73
What is the highest common factor of 1651 and 2032?
127
What is the greatest common factor of 183 and 122?
61
What is the greatest common divisor of 737 and 201?
67
What is the highest common factor of 504 and 144?
72
What is the highest common factor of 15 and 105?
15
Calculate the greatest common divisor of 1 and 17.
1
What is the highest common divisor of 3649 and 123?
41
What is the highest common divisor of 148 and 8251?
37
What is the highest common divisor of 65 and 39?
13
Calculate the highest common factor of 83 and 18509.
83
Calculate the greatest common factor of 9366 and 42.
42
Calculate the highest common factor of 58 and 638.
58
Calculate the greatest common divisor of 80 and 832.
16
What is the highest common factor of 415 and 5?
5
What is the greatest common divisor of 1720 and 80?
40
What is the greatest common divisor of 59 and 1593?
59
Calculate the greatest common divisor of 901 and 17.
17
What is the greatest common factor of 1835 and 10?
5
What is the greatest common divisor of 7446 and 510?
102
What is the highest common factor of 127 and 4?
1
What is the highest common divisor of 21 and 651?
21
Calculate the greatest common divisor of 302 and 1963.
151
Calculate the highest common divisor of 55 and 44.
11
What is the highest common divisor of 1134 and 210?
42
What is the greatest common divisor of 73 and 6059?
73
Calculate the highest common divisor of 566 and 4.
2
What is the highest common divisor of 60 and 15?
15
What is the highest common factor of 128 and 32?
32
Calculate the greatest common divisor of 98 and 126.
14
Calculate the highest common factor of 100 and 720.
20
What is the greatest common divisor of 142 and 213?
71
What is the highest common factor of 80 and 16?
16
What is the highest common divisor of 335 and 10?
5
What is the highest common factor of 41 and 55?
1
Calculate the greatest common factor of 8 and 3708.
4
Calculate the greatest common divisor of 1089 and 117.
9
Calculate the greatest common divisor of 9580 and 100.
20
Calculate the highest common factor of 286 and 117.
13
Calculate the highest common factor of 10 and 15.
5
Calculate the highest common factor of 2 and 673.
1
Calculate the greatest common factor of 625 and 50.
25
Calculate the highest common factor of 89 and 1424.
89
Calculate the greatest common divisor of 508 and 13589.
127
What is the highest common factor of 29 and 725?
29
Calculate the greatest common factor of 408 and 153.
51
What is the highest common factor of 14066 and 26?
26
What is the greatest common factor of 156 and 36?
12
What is the highest common divisor of 130 and 20215?
65
What is the highest common divisor of 1045 and 55?
55
Calculate the greatest common divisor of 132 and 108.
12
Calculate the greatest common divisor of 63 and 1533.
21
Calculate the greatest common factor of 360 and 48.
24
Calculate the greatest common factor of 48 and 204.
12
What is the highest common factor of 1 and 269?
1
What is the greatest common factor of 57 and 19?
19
Calculate the highest common factor of 1012 and 230.
46
Calculate the highest common factor of 1094 and 22.
2
What is the highest common factor of 198 and 126?
18
What is the highest common factor of 13 and 69329?
13
What is the greatest common divisor of 150 and 50?
50
What is the greatest common factor of 390 and 8502?
78
Calculate the greatest common divisor of 4 and 30.
2
What is the greatest common factor of 72 and 225?
9
What is the highest common factor of 52 and 4?
4
Calculate the highest common divisor of 43 and 4171.
43
Calculate the highest common factor of 4028 and 12.
4
What is the greatest common divisor of 40 and 8810?
10
Calculate the greatest common factor of 24 and 24.
24
Calculate the greatest common divisor of 6426 and 7.
7
What is the highest common divisor of 892 and 4?
4
Calculate the highest common divisor of 90 and 1830.
30
What is the highest common factor of 60291 and 54?
27
Calculate the greatest common divisor of 65 and 11245.
65
What is the greatest common factor of 22 and 4?
2
Calculate the highest common divisor of 144 and 108.
36
Calculate the greatest common factor of 56 and 28.
28
Calculate the highest common factor of 2 and 83.
1
What is the highest common factor of 4 and 226?
2
Calculate the greatest common divisor of 10 and 5410.
10
What is the greatest common divisor of 1207 and 1037?
17
What is the greatest common divisor of 4 and 1094?
2
What is the highest common factor of 9855 and 27?
27
Calculate the greatest common divisor of 26 and 17134.
26
Calculate the highest common divisor of 85 and 20.
5
What is the highest common factor of 16 and 18376?
8
Calculate the highest common divisor of 5874 and 132.
66
Calculate the greatest common divisor of 6975 and 279.
279
Calculate the greatest common factor of 28 and 32004.
28
What is the greatest common divisor of 1188 and 216?
108
Calculate the greatest common divisor of 731 and 43.
43
Calculate the greatest common divisor of 104 and 2600.
104
Calculate the highest common factor of 324 and 336.
12
Calculate the highest common factor of 175 and 25.
25
Calculate the greatest common divisor of 18573 and 123.
123
Calculate the highest common factor of 16 and 9872.
16
Calculate the highest common divisor of 1008 and 700.
28
What is the greatest common factor of 44 and 52?
4
What is the greatest common divisor of 640 and 20?
20
What is the highest common divisor of 275 and 22?
11
What is the greatest common factor of 76 and 19?
19
What is the highest common divisor of 2240 and 910?
70
Calculate the greatest common factor of 8060 and 169.
13
Calculate the highest common divisor of 65 and 26.
13
What is the greatest common factor of 429 and 13?
13
What is the highest common factor of 12 and 148?
4
What is the greatest common factor of 10 and 1875?
5
Calculate the highest common divisor of 165 and 30.
15
Calculate the greatest common factor of 272 and 3604.
68
Calculate the highest common factor of 7826 and 172.
86
What is the highest common factor of 8 and 128?
8
Calculate the greatest common factor of 28 and 6748.
28
What is the greatest common divisor of 4095 and 245?
35
Calculate the highest common factor of 32 and 40.
8
Calculate the greatest common divisor of 4370 and 380.
190
What is the highest common factor of 9320 and 40?
40
What is the highest common factor of 120 and 165?
15
What is the highest common divisor of 711 and 45?
9
Calculate the greatest common factor of 672 and 21.
21
What is the greatest common divisor of 256 and 496?
16
Calculate the highest common divisor of 192 and 448.
64
Calculate the highest common factor of 116 and 4640.
116
Calculate the greatest common factor of 101 and 1.
1
What is the highest common factor of 38481 and 606?
303
Calculate the highest common divisor of 1600 and 140.
20
What is the highest common factor of 128 and 144?
16
Calculate the greatest common factor of 3 and 549.
3
Calculate the greatest common divisor of 664 and 152.
8
Calculate the highest common divisor of 13 and 18577.
13
What is the highest common factor of 96 and 3?
3
What is the highest common factor of 28 and 189?
7
Calculate the greatest common divisor of 136 and 170.
34
Calculate the greatest common factor of 391 and 115.
23
Calculate the highest common factor of 53 and 848.
53
Calculate the highest common divisor of 76 and 893.
19
What is the greatest common factor of 553 and 1817?
79
Calculate the highest common factor of 780 and 338.
26
Calculate the highest common divisor of 100 and 7190.
10
What is the highest common divisor of 51 and 75?
3
Calculate the highest common factor of 2450 and 150.
50
Calculate the greatest common divisor of 1683 and 4539.
51
Calculate the greatest common divisor of 8330 and 147.
49
Calculate the greatest common divisor of 1442 and 210.
14
What is the highest common divisor of 651 and 21?
21
Calculate the greatest common divisor of 58 and 18.
2
What is the highest common divisor of 30624 and 44?
44
Calculate the highest common divisor of 17 and 18666.
17
What is the greatest common divisor of 77 and 161?
7
What is the greatest common divisor of 357 and 504?
21
What is the greatest commo